t of 13172443?
4
What is the units digit of 197693?
3
What is the thousands digit of 18127392?
7
What is the units digit of 1641565?
5
What is the millions digit of 2461049?
2
What is the millions digit of 10360407?
0
What is the tens digit of 351123?
2
What is the thousands digit of 144435?
4
What is the hundreds digit of 139474?
4
What is the ten thousands digit of 708334?
0
What is the units digit of 224758?
8
What is the units digit of 17127975?
5
What is the thousands digit of 184595?
4
What is the units digit of 1251190?
0
What is the units digit of 29997162?
2
What is the tens digit of 802214?
1
What is the thousands digit of 16315?
6
What is the thousands digit of 143349?
3
What is the units digit of 41041?
1
What is the ten thousands digit of 20173390?
7
What is the tens digit of 640659?
5
What is the millions digit of 8218409?
8
What is the millions digit of 3935319?
3
What is the millions digit of 2015468?
2
What is the ten thousands digit of 4319353?
1
What is the units digit of 3220?
0
What is the ten thousands digit of 1942128?
4
What is the ten thousands digit of 4138122?
3
What is the thousands digit of 6285279?
5
What is the units digit of 50400?
0
What is the thousands digit of 3850046?
0
What is the thousands digit of 1167710?
7
What is the units digit of 4174186?
6
What is the ten thousands digit of 1036937?
3
What is the thousands digit of 3387500?
7
What is the hundred thousands digit of 3005915?
0
What is the tens digit of 18360035?
3
What is the hundreds digit of 135102?
1
What is the tens digit of 117554?
5
What is the millions digit of 9884026?
9
What is the thousands digit of 9074211?
4
What is the tens digit of 1794127?
2
What is the hundreds digit of 8910533?
5
What is the ten thousands digit of 2240273?
4
What is the thousands digit of 630605?
0
What is the units digit of 876636?
6
What is the millions digit of 16984422?
6
What is the units digit of 2582177?
7
What is the units digit of 897809?
9
What is the units digit of 2130529?
9
What is the thousands digit of 161732?
1
What is the ten thousands digit of 18105960?
0
What is the hundred thousands digit of 7773084?
7
What is the units digit of 406573?
3
What is the hundreds digit of 14002361?
3
What is the thousands digit of 98958?
8
What is the tens digit of 19961777?
7
What is the ten thousands digit of 810154?
1
What is the tens digit of 486638?
3
What is the tens digit of 21295787?
8
What is the units digit of 227491?
1
What is the millions digit of 3546187?
3
What is the thousands digit of 545285?
5
What is the hundred thousands digit of 1638083?
6
What is the ten millions digit of 10971272?
1
What is the hundred thousands digit of 306156?
3
What is the ten thousands digit of 871307?
7
What is the thousands digit of 27904?
7
What is the thousands digit of 223026?
3
What is the ten thousands digit of 901016?
0
What is the hundred thousands digit of 808339?
8
What is the units digit of 2111468?
8
What is the hundreds digit of 282231?
2
What is the hundred thousands digit of 1973563?
9
What is the hundred thousands digit of 16641773?
6
What is the ten thousands digit of 187373?
8
What is the ten thousands digit of 233355?
3
What is the units digit of 268955?
5
What is the thousands digit of 416625?
6
What is the tens digit of 2685611?
1
What is the tens digit of 125528?
2
What is the hundreds digit of 11256301?
3
What is the units digit of 188437?
7
What is the hundred thousands digit of 6672935?
6
What is the millions digit of 2442990?
2
What is the thousands digit of 9031875?
1
What is the tens digit of 1247238?
3
What is the tens digit of 406670?
7
What is the hundred thousands digit of 137055?
1
What is the units digit of 440350?
0
What is the thousands digit of 15831837?
1
What is the tens digit of 306655?
5
What is the hundreds digit of 309486?
4
What is the thousands digit of 2928669?
8
What is the units digit of 4059162?
2
What is the tens digit of 483366?
6
What is the ten thousands digit of 354881?
5
What is the tens digit of 1197780?
8
What is the tens digit of 281898?
9
What is the hundred thousands digit of 108734?
1
What is the ten thousands digit of 2814516?
1
What is the units digit of 131789?
9
What is the millions digit of 3213237?
3
What is the ten thousands digit of 188584?
8
What is the ten thousands digit of 156283?
5
What is the tens digit of 2540765?
6
What is the hundred thousands digit of 2367137?
3
What is the tens digit of 114307?
0
What is the hundred thousands digit of 186437?
1
What is the hundreds digit of 823701?
7
What is the hundreds digit of 108055?
0
What is the hundreds digit of 117827?
8
What is the units digit of 878917?
7
What is the tens digit of 47901?
0
What is the hundred thousands digit of 631340?
6
What is the thousands digit of 1764138?
4
What is the ten thousands digit of 6895079?
9
What is the millions digit of 7015621?
7
What is the hundreds digit of 757935?
9
What is the units digit of 1856345?
5
What is the hundreds digit of 556240?
2
What is the hundred thousands digit of 289460?
2
What is the hundreds digit of 11397277?
2
What is the hundreds digit of 305579?
5
What is the thousands digit of 10533?
0
What is the thousands digit of 130374?
0
What is the hundreds digit of 868613?
6
What is the hundreds digit of 695965?
9
What is the hundred thousands digit of 10868763?
8
What is the units digit of 1908506?
6
What is the tens digit of 199979?
7
What is the units digit of 1502154?
4
What is the ten millions digit of 16979546?
1
What is the thousands digit of 643158?
3
What is the hundred thousands digit of 4258719?
2
What is the millions digit of 1765971?
1
What is the tens digit of 1040585?
8
What is the thousands digit of 554202?
4
What is the thousands digit of 8473468?
3
What is the units digit of 44470615?
5
What is the tens digit of 745150?
5
What is the millions digit of 31711117?
1
What is the hundred thousands digit of 191583?
1
What is the hundred thousands digit of 461519?
4
What is the hundred thousands digit of 184545?
1
What is the hundreds digit of 550362?
3
What is the tens digit of 2807429?
2
What is the hundred thousands digit of 688840?
6
What is the units digit of 557044?
4
What is the units digit of 120122?
2
What is the hundred thousands digit of 1331984?
3
What is the thousands digit of 316227?
6
What is the tens digit of 711430?
3
What is the tens digit of 181110?
1
What is the units digit of 282045?
5
What is the ten millions digit of 20878487?
2
What is the hundreds digit of 1142043?
0
What is the ten millions digit of 10604966?
1
What is the hundreds digit of 1844514?
5
What is the hundreds digit of 1203212?
2
What is the thousands digit of 419037?
9
What is the thousands digit of 1763805?
3
What is the hundreds digit of 2506?
5
What is the hundred thousands digit of 101407?
1
What is the units digit of 2934851?
1
What is the tens digit of 111263?
6
What is the thousands digit of 3929342?
9
What is the thousands digit of 867227?
7
What is the hundred thousands digit of 1299132?
2
What is the millions digit of 1014778?
1
What is the units digit of 9506545?
5
What is the hundred thousands digit of 492794?
4
What is the thousands digit of 5882300?
2
What is the units digit of 292681?
1
What is the units digit of 9483012?
2
What is the units digit of 1521019?
9
What is the units digit of 10465126?
6
What is the thousands digit of 1482437?
2
What is the ten thousands digit of 68347?
6
What is the thousands digit of 1541078?
1
What is the millions digit of 9117354?
9
What is the tens digit of 2861118?
1
What is the ten thousands digit of 421571?
2
What is the hundreds digit of 15396336?
3
What is the units digit of 481256?
6
What is the tens digit of 1000995?
9
What is the tens digit of 447536?
3
What is the thousands digit of 7922328?
2
What is the hundred thousands digit of 1769682?
7
What is the hundred thousands digit of 195445?
1
What is the thousands digit of 6333960?
3
What is the ten thousands digit of 2248641?
4
What is the thousands digit of 896331?
6
What is the thousands digit of 3895705?
5
What is the ten millions digit of 12532323?
1
What is the units digit of 22316?
6
What is the hundreds digit of 6692?
6
What is the thousands digit of 478119?
8
What is the units digit 